{"id":4362,"date":"2025-07-01T14:15:59","date_gmt":"2025-07-01T13:15:59","guid":{"rendered":"https:\/\/industry.aafintl.com\/it-it\/?page_id=4362"},"modified":"2025-07-03T15:06:28","modified_gmt":"2025-07-03T14:06:28","slug":"sostenibilita-in-aaf","status":"publish","type":"page","link":"https:\/\/industry.aafintl.com\/it-it\/sostenibilita-in-aaf\/","title":{"rendered":"Sostenibilit\u00e0 in AAF"},"content":{"rendered":"","protected":false},"excerpt":{"rendered":"","protected":false},"author":10,"featured_media":0,"parent":0,"menu_order":0,"comment_status":"closed","ping_status":"closed","template":"","meta":{"_acf_changed":false,"inline_featured_image":false,"footnotes":""},"class_list":["post-4362","page","type-page","status-publish","hentry"],"acf":[],"yoast_head":"<!-- This site is optimized with the Yoast SEO plugin v27.0 - https:\/\/yoast.com\/product\/yoast-seo-wordpress\/ -->\n<title>Sostenibilit\u00e0 in AAF - AAF Italy<\/title>\n<meta name=\"description\" content=\"Scopri l&#039;impegno di AAF International per la sostenibilit\u00e0 e scopri come le nostre soluzioni innovative di filtrazione dell&#039;aria migliorano la qualit\u00e0 dell&#039;aria, aumentano le prestazioni e riducono l&#039;impatto ambientale. Esplora la nostra visione e le iniziative di sostenibilit\u00e0 per un pianeta pi\u00f9 sano.\" \/>\n<meta name=\"robots\" content=\"index, follow, max-snippet:-1, max-image-preview:large, max-video-preview:-1\" \/>\n<link rel=\"canonical\" href=\"https:\/\/industry.aafintl.com\/it-it\/sostenibilita-in-aaf\/\" \/>\n<meta property=\"og:locale\" content=\"en_GB\" \/>\n<meta property=\"og:type\" content=\"article\" \/>\n<meta property=\"og:title\" content=\"Sostenibilit\u00e0 in AAF - AAF Italy\" \/>\n<meta property=\"og:description\" content=\"Scopri l&#039;impegno di AAF International per la sostenibilit\u00e0 e scopri come le nostre soluzioni innovative di filtrazione dell&#039;aria migliorano la qualit\u00e0 dell&#039;aria, aumentano le prestazioni e riducono l&#039;impatto ambientale. Esplora la nostra visione e le iniziative di sostenibilit\u00e0 per un pianeta pi\u00f9 sano.\" \/>\n<meta property=\"og:url\" content=\"https:\/\/industry.aafintl.com\/it-it\/sostenibilita-in-aaf\/\" \/>\n<meta property=\"og:site_name\" content=\"AAF Italy\" \/>\n<meta property=\"article:modified_time\" content=\"2025-07-03T14:06:28+00:00\" \/>\n<meta name=\"twitter:card\" content=\"summary_large_image\" \/>\n<meta name=\"twitter:label1\" content=\"Estimated reading time\" \/>\n\t<meta name=\"twitter:data1\" content=\"2 minutes\" \/>\n<script type=\"application\/ld+json\" class=\"yoast-schema-graph\">{\"@context\":\"https:\/\/schema.org\",\"@graph\":[{\"@type\":\"WebPage\",\"@id\":\"https:\/\/industry.aafintl.com\/it-it\/sostenibilita-in-aaf\/\",\"url\":\"https:\/\/industry.aafintl.com\/it-it\/sostenibilita-in-aaf\/\",\"name\":\"Sostenibilit\u00e0 in AAF - AAF Italy\",\"isPartOf\":{\"@id\":\"https:\/\/industry.aafintl.com\/it-it\/#website\"},\"datePublished\":\"2025-07-01T13:15:59+00:00\",\"dateModified\":\"2025-07-03T14:06:28+00:00\",\"description\":\"Scopri l'impegno di AAF International per la sostenibilit\u00e0 e scopri come le nostre soluzioni innovative di filtrazione dell'aria migliorano la qualit\u00e0 dell'aria, aumentano le prestazioni e riducono l'impatto ambientale. Esplora la nostra visione e le iniziative di sostenibilit\u00e0 per un pianeta pi\u00f9 sano.\",\"breadcrumb\":{\"@id\":\"https:\/\/industry.aafintl.com\/it-it\/sostenibilita-in-aaf\/#breadcrumb\"},\"inLanguage\":\"en-GB\",\"potentialAction\":[{\"@type\":\"ReadAction\",\"target\":[\"https:\/\/industry.aafintl.com\/it-it\/sostenibilita-in-aaf\/\"]}]},{\"@type\":\"BreadcrumbList\",\"@id\":\"https:\/\/industry.aafintl.com\/it-it\/sostenibilita-in-aaf\/#breadcrumb\",\"itemListElement\":[{\"@type\":\"ListItem\",\"position\":1,\"name\":\"Home\",\"item\":\"https:\/\/industry.aafintl.com\/it-it\/\"},{\"@type\":\"ListItem\",\"position\":2,\"name\":\"Sostenibilit\u00e0 in AAF\"}]},{\"@type\":\"WebSite\",\"@id\":\"https:\/\/industry.aafintl.com\/it-it\/#website\",\"url\":\"https:\/\/industry.aafintl.com\/it-it\/\",\"name\":\"AAF Italy\",\"description\":\"\",\"potentialAction\":[{\"@type\":\"SearchAction\",\"target\":{\"@type\":\"EntryPoint\",\"urlTemplate\":\"https:\/\/industry.aafintl.com\/it-it\/?s={search_term_string}\"},\"query-input\":{\"@type\":\"PropertyValueSpecification\",\"valueRequired\":true,\"valueName\":\"search_term_string\"}}],\"inLanguage\":\"en-GB\"}]}<\/script>\n<!-- \/ Yoast SEO plugin. -->","yoast_head_json":{"title":"Sostenibilit\u00e0 in AAF - AAF Italy","description":"Scopri l'impegno di AAF International per la sostenibilit\u00e0 e scopri come le nostre soluzioni innovative di filtrazione dell'aria migliorano la qualit\u00e0 dell'aria, aumentano le prestazioni e riducono l'impatto ambientale. Esplora la nostra visione e le iniziative di sostenibilit\u00e0 per un pianeta pi\u00f9 sano.","robots":{"index":"index","follow":"follow","max-snippet":"max-snippet:-1","max-image-preview":"max-image-preview:large","max-video-preview":"max-video-preview:-1"},"canonical":"https:\/\/industry.aafintl.com\/it-it\/sostenibilita-in-aaf\/","og_locale":"en_GB","og_type":"article","og_title":"Sostenibilit\u00e0 in AAF - AAF Italy","og_description":"Scopri l'impegno di AAF International per la sostenibilit\u00e0 e scopri come le nostre soluzioni innovative di filtrazione dell'aria migliorano la qualit\u00e0 dell'aria, aumentano le prestazioni e riducono l'impatto ambientale. Esplora la nostra visione e le iniziative di sostenibilit\u00e0 per un pianeta pi\u00f9 sano.","og_url":"https:\/\/industry.aafintl.com\/it-it\/sostenibilita-in-aaf\/","og_site_name":"AAF Italy","article_modified_time":"2025-07-03T14:06:28+00:00","twitter_card":"summary_large_image","twitter_misc":{"Estimated reading time":"2 minutes"},"schema":{"@context":"https:\/\/schema.org","@graph":[{"@type":"WebPage","@id":"https:\/\/industry.aafintl.com\/it-it\/sostenibilita-in-aaf\/","url":"https:\/\/industry.aafintl.com\/it-it\/sostenibilita-in-aaf\/","name":"Sostenibilit\u00e0 in AAF - AAF Italy","isPartOf":{"@id":"https:\/\/industry.aafintl.com\/it-it\/#website"},"datePublished":"2025-07-01T13:15:59+00:00","dateModified":"2025-07-03T14:06:28+00:00","description":"Scopri l'impegno di AAF International per la sostenibilit\u00e0 e scopri come le nostre soluzioni innovative di filtrazione dell'aria migliorano la qualit\u00e0 dell'aria, aumentano le prestazioni e riducono l'impatto ambientale. Esplora la nostra visione e le iniziative di sostenibilit\u00e0 per un pianeta pi\u00f9 sano.","breadcrumb":{"@id":"https:\/\/industry.aafintl.com\/it-it\/sostenibilita-in-aaf\/#breadcrumb"},"inLanguage":"en-GB","potentialAction":[{"@type":"ReadAction","target":["https:\/\/industry.aafintl.com\/it-it\/sostenibilita-in-aaf\/"]}]},{"@type":"BreadcrumbList","@id":"https:\/\/industry.aafintl.com\/it-it\/sostenibilita-in-aaf\/#breadcrumb","itemListElement":[{"@type":"ListItem","position":1,"name":"Home","item":"https:\/\/industry.aafintl.com\/it-it\/"},{"@type":"ListItem","position":2,"name":"Sostenibilit\u00e0 in AAF"}]},{"@type":"WebSite","@id":"https:\/\/industry.aafintl.com\/it-it\/#website","url":"https:\/\/industry.aafintl.com\/it-it\/","name":"AAF Italy","description":"","potentialAction":[{"@type":"SearchAction","target":{"@type":"EntryPoint","urlTemplate":"https:\/\/industry.aafintl.com\/it-it\/?s={search_term_string}"},"query-input":{"@type":"PropertyValueSpecification","valueRequired":true,"valueName":"search_term_string"}}],"inLanguage":"en-GB"}]}},"_links":{"self":[{"href":"https:\/\/industry.aafintl.com\/it-it\/wp-json\/wp\/v2\/pages\/4362","targetHints":{"allow":["GET"]}}],"collection":[{"href":"https:\/\/industry.aafintl.com\/it-it\/wp-json\/wp\/v2\/pages"}],"about":[{"href":"https:\/\/industry.aafintl.com\/it-it\/wp-json\/wp\/v2\/types\/page"}],"author":[{"embeddable":true,"href":"https:\/\/industry.aafintl.com\/it-it\/wp-json\/wp\/v2\/users\/10"}],"replies":[{"embeddable":true,"href":"https:\/\/industry.aafintl.com\/it-it\/wp-json\/wp\/v2\/comments?post=4362"}],"version-history":[{"count":0,"href":"https:\/\/industry.aafintl.com\/it-it\/wp-json\/wp\/v2\/pages\/4362\/revisions"}],"wp:attachment":[{"href":"https:\/\/industry.aafintl.com\/it-it\/wp-json\/wp\/v2\/media?parent=4362"}],"curies":[{"name":"wp","href":"https:\/\/api.w.org\/{rel}","templated":true}]}}