{"id":4294,"date":"2024-04-15T17:20:59","date_gmt":"2024-04-15T16:20:59","guid":{"rendered":"https:\/\/industry.aafintl.com\/de-de\/?page_id=4294"},"modified":"2024-04-18T14:09:11","modified_gmt":"2024-04-18T13:09:11","slug":"bearbeitungsseite","status":"publish","type":"page","link":"https:\/\/industry.aafintl.com\/de-de\/industrial\/anwendungen\/bearbeitungsseite\/","title":{"rendered":"Bearbeitungsseite"},"content":{"rendered":"","protected":false},"excerpt":{"rendered":"","protected":false},"author":9,"featured_media":0,"parent":1067,"menu_order":0,"comment_status":"closed","ping_status":"closed","template":"","meta":{"_acf_changed":false,"inline_featured_image":false,"footnotes":""},"class_list":["post-4294","page","type-page","status-publish","hentry"],"acf":[],"yoast_head":"<!-- This site is optimized with the Yoast SEO plugin v27.0 - https:\/\/yoast.com\/product\/yoast-seo-wordpress\/ -->\n<title>Bearbeitungsseite | Vielseitige Anwendungen | AAF International<\/title>\n<meta name=\"description\" content=\"\u00d6lnebelabscheider f\u00fcr die Bearbeitung. F\u00fcr den Einsatz in einigen der g\u00e4ngigsten Industriezweige wie z. B. Metallverarbeitung, Luft- und Raumfahrt und Automobilindustrie.\" \/>\n<meta name=\"robots\" content=\"index, follow, max-snippet:-1, max-image-preview:large, max-video-preview:-1\" \/>\n<link rel=\"canonical\" href=\"https:\/\/industry.aafintl.com\/de-de\/industrial\/anwendungen\/bearbeitungsseite\/\" \/>\n<meta property=\"og:locale\" content=\"en_GB\" \/>\n<meta property=\"og:type\" content=\"article\" \/>\n<meta property=\"og:title\" content=\"Bearbeitungsseite | Vielseitige Anwendungen | AAF International\" \/>\n<meta property=\"og:description\" content=\"\u00d6lnebelabscheider f\u00fcr die Bearbeitung. F\u00fcr den Einsatz in einigen der g\u00e4ngigsten Industriezweige wie z. B. Metallverarbeitung, Luft- und Raumfahrt und Automobilindustrie.\" \/>\n<meta property=\"og:url\" content=\"https:\/\/industry.aafintl.com\/de-de\/industrial\/anwendungen\/bearbeitungsseite\/\" \/>\n<meta property=\"og:site_name\" content=\"AAF Germany\" \/>\n<meta property=\"article:modified_time\" content=\"2024-04-18T13:09:11+00:00\" \/>\n<meta name=\"twitter:card\" content=\"summary_large_image\" \/>\n<script type=\"application\/ld+json\" class=\"yoast-schema-graph\">{\"@context\":\"https:\/\/schema.org\",\"@graph\":[{\"@type\":\"WebPage\",\"@id\":\"https:\/\/industry.aafintl.com\/de-de\/industrial\/anwendungen\/bearbeitungsseite\/\",\"url\":\"https:\/\/industry.aafintl.com\/de-de\/industrial\/anwendungen\/bearbeitungsseite\/\",\"name\":\"Bearbeitungsseite | Vielseitige Anwendungen | AAF International\",\"isPartOf\":{\"@id\":\"https:\/\/industry.aafintl.com\/de-de\/#website\"},\"datePublished\":\"2024-04-15T16:20:59+00:00\",\"dateModified\":\"2024-04-18T13:09:11+00:00\",\"description\":\"\u00d6lnebelabscheider f\u00fcr die Bearbeitung. F\u00fcr den Einsatz in einigen der g\u00e4ngigsten Industriezweige wie z. B. Metallverarbeitung, Luft- und Raumfahrt und Automobilindustrie.\",\"breadcrumb\":{\"@id\":\"https:\/\/industry.aafintl.com\/de-de\/industrial\/anwendungen\/bearbeitungsseite\/#breadcrumb\"},\"inLanguage\":\"en-GB\",\"potentialAction\":[{\"@type\":\"ReadAction\",\"target\":[\"https:\/\/industry.aafintl.com\/de-de\/industrial\/anwendungen\/bearbeitungsseite\/\"]}]},{\"@type\":\"BreadcrumbList\",\"@id\":\"https:\/\/industry.aafintl.com\/de-de\/industrial\/anwendungen\/bearbeitungsseite\/#breadcrumb\",\"itemListElement\":[{\"@type\":\"ListItem\",\"position\":1,\"name\":\"Home\",\"item\":\"https:\/\/industry.aafintl.com\/de-de\/\"},{\"@type\":\"ListItem\",\"position\":2,\"name\":\"industrial\",\"item\":\"https:\/\/industry.aafintl.com\/de-de\/industrial\/\"},{\"@type\":\"ListItem\",\"position\":3,\"name\":\"Anwendungen\",\"item\":\"https:\/\/industry.aafintl.com\/de-de\/industrial\/anwendungen\/\"},{\"@type\":\"ListItem\",\"position\":4,\"name\":\"Bearbeitungsseite\"}]},{\"@type\":\"WebSite\",\"@id\":\"https:\/\/industry.aafintl.com\/de-de\/#website\",\"url\":\"https:\/\/industry.aafintl.com\/de-de\/\",\"name\":\"AAF Germany\",\"description\":\"\",\"potentialAction\":[{\"@type\":\"SearchAction\",\"target\":{\"@type\":\"EntryPoint\",\"urlTemplate\":\"https:\/\/industry.aafintl.com\/de-de\/?s={search_term_string}\"},\"query-input\":{\"@type\":\"PropertyValueSpecification\",\"valueRequired\":true,\"valueName\":\"search_term_string\"}}],\"inLanguage\":\"en-GB\"}]}<\/script>\n<!-- \/ Yoast SEO plugin. -->","yoast_head_json":{"title":"Bearbeitungsseite | Vielseitige Anwendungen | AAF International","description":"\u00d6lnebelabscheider f\u00fcr die Bearbeitung. F\u00fcr den Einsatz in einigen der g\u00e4ngigsten Industriezweige wie z. B. Metallverarbeitung, Luft- und Raumfahrt und Automobilindustrie.","robots":{"index":"index","follow":"follow","max-snippet":"max-snippet:-1","max-image-preview":"max-image-preview:large","max-video-preview":"max-video-preview:-1"},"canonical":"https:\/\/industry.aafintl.com\/de-de\/industrial\/anwendungen\/bearbeitungsseite\/","og_locale":"en_GB","og_type":"article","og_title":"Bearbeitungsseite | Vielseitige Anwendungen | AAF International","og_description":"\u00d6lnebelabscheider f\u00fcr die Bearbeitung. F\u00fcr den Einsatz in einigen der g\u00e4ngigsten Industriezweige wie z. B. Metallverarbeitung, Luft- und Raumfahrt und Automobilindustrie.","og_url":"https:\/\/industry.aafintl.com\/de-de\/industrial\/anwendungen\/bearbeitungsseite\/","og_site_name":"AAF Germany","article_modified_time":"2024-04-18T13:09:11+00:00","twitter_card":"summary_large_image","schema":{"@context":"https:\/\/schema.org","@graph":[{"@type":"WebPage","@id":"https:\/\/industry.aafintl.com\/de-de\/industrial\/anwendungen\/bearbeitungsseite\/","url":"https:\/\/industry.aafintl.com\/de-de\/industrial\/anwendungen\/bearbeitungsseite\/","name":"Bearbeitungsseite | Vielseitige Anwendungen | AAF International","isPartOf":{"@id":"https:\/\/industry.aafintl.com\/de-de\/#website"},"datePublished":"2024-04-15T16:20:59+00:00","dateModified":"2024-04-18T13:09:11+00:00","description":"\u00d6lnebelabscheider f\u00fcr die Bearbeitung. F\u00fcr den Einsatz in einigen der g\u00e4ngigsten Industriezweige wie z. B. Metallverarbeitung, Luft- und Raumfahrt und Automobilindustrie.","breadcrumb":{"@id":"https:\/\/industry.aafintl.com\/de-de\/industrial\/anwendungen\/bearbeitungsseite\/#breadcrumb"},"inLanguage":"en-GB","potentialAction":[{"@type":"ReadAction","target":["https:\/\/industry.aafintl.com\/de-de\/industrial\/anwendungen\/bearbeitungsseite\/"]}]},{"@type":"BreadcrumbList","@id":"https:\/\/industry.aafintl.com\/de-de\/industrial\/anwendungen\/bearbeitungsseite\/#breadcrumb","itemListElement":[{"@type":"ListItem","position":1,"name":"Home","item":"https:\/\/industry.aafintl.com\/de-de\/"},{"@type":"ListItem","position":2,"name":"industrial","item":"https:\/\/industry.aafintl.com\/de-de\/industrial\/"},{"@type":"ListItem","position":3,"name":"Anwendungen","item":"https:\/\/industry.aafintl.com\/de-de\/industrial\/anwendungen\/"},{"@type":"ListItem","position":4,"name":"Bearbeitungsseite"}]},{"@type":"WebSite","@id":"https:\/\/industry.aafintl.com\/de-de\/#website","url":"https:\/\/industry.aafintl.com\/de-de\/","name":"AAF Germany","description":"","potentialAction":[{"@type":"SearchAction","target":{"@type":"EntryPoint","urlTemplate":"https:\/\/industry.aafintl.com\/de-de\/?s={search_term_string}"},"query-input":{"@type":"PropertyValueSpecification","valueRequired":true,"valueName":"search_term_string"}}],"inLanguage":"en-GB"}]}},"_links":{"self":[{"href":"https:\/\/industry.aafintl.com\/de-de\/wp-json\/wp\/v2\/pages\/4294","targetHints":{"allow":["GET"]}}],"collection":[{"href":"https:\/\/industry.aafintl.com\/de-de\/wp-json\/wp\/v2\/pages"}],"about":[{"href":"https:\/\/industry.aafintl.com\/de-de\/wp-json\/wp\/v2\/types\/page"}],"author":[{"embeddable":true,"href":"https:\/\/industry.aafintl.com\/de-de\/wp-json\/wp\/v2\/users\/9"}],"replies":[{"embeddable":true,"href":"https:\/\/industry.aafintl.com\/de-de\/wp-json\/wp\/v2\/comments?post=4294"}],"version-history":[{"count":0,"href":"https:\/\/industry.aafintl.com\/de-de\/wp-json\/wp\/v2\/pages\/4294\/revisions"}],"up":[{"embeddable":true,"href":"https:\/\/industry.aafintl.com\/de-de\/wp-json\/wp\/v2\/pages\/1067"}],"wp:attachment":[{"href":"https:\/\/industry.aafintl.com\/de-de\/wp-json\/wp\/v2\/media?parent=4294"}],"curies":[{"name":"wp","href":"https:\/\/api.w.org\/{rel}","templated":true}]}}